e prime factors of 68965333.
68965333
List the prime factors of 70152629.
37, 1896017
List the prime factors of 495824876.
2, 4229, 29311
List the prime factors of 73731716.
2, 139, 132611
List the prime factors of 90206429.
90206429
List the prime factors of 957223391.
89, 107, 100517
List the prime factors of 1724829155.
5, 7, 887, 7937
List the prime factors of 13893299.
7, 61, 32537
List the prime factors of 6636428223.
3, 41, 53954701
List the prime factors of 4140681086.
2, 271, 7639633
List the prime factors of 3275518473.
3, 71, 1708669
List the prime factors of 887931759.
3, 11, 13, 83, 2267
What are the prime factors of 72962586?
2, 3, 59, 22901
What are the prime factors of 12298054?
2, 19, 23, 14071
What are the prime factors of 759096572?
2, 13, 14598011
What are the prime factors of 33313907?
11, 3028537
List the prime factors of 407845343.
407845343
What are the prime factors of 23318006?
2, 11659003
List the prime factors of 2234383925.
5, 89375357
What are the prime factors of 375353035?
5, 75070607
What are the prime factors of 234567032?
2, 7, 4188697
What are the prime factors of 236133396?
2, 3, 6559261
List the prime factors of 55403444.
2, 53, 261337
List the prime factors of 5078159744.
2, 7, 47, 120587
What are the prime factors of 92485597?
19, 2053, 2371
List the prime factors of 4136031065.
5, 17, 811, 59999
What are the prime factors of 390896664?
2, 3, 101, 131, 1231
What are the prime factors of 751301604?
2, 3, 17, 167, 7351
List the prime factors of 323311244.
2, 80827811
What are the prime factors of 2626298?
2, 29, 45281
What are the prime factors of 57259352?
2, 563, 12713
List the prime factors of 1045835492.
2, 13, 20112221
List the prime factors of 57237328.
2, 3577333
What are the prime factors of 896727?
3, 13, 22993
List the prime factors of 6529465540.
2, 5, 13, 25113329
What are the prime factors of 5626626419?
1123, 5010353
List the prime factors of 502206439.
7, 37, 277003
What are the prime factors of 446022102?
2, 3, 97, 766361
List the prime factors of 529855.
5, 105971
What are the prime factors of 2085934144?
2, 7, 53, 59, 1489
What are the prime factors of 53794066?
2, 97, 149, 1861
List the prime factors of 35307054.
2, 3, 19, 103237
List the prime factors of 2220879328.
2, 69402479
List the prime factors of 28299104.
2, 383, 2309
What are the prime factors of 400766256?
2, 3, 11, 503
List the prime factors of 136939756.
2, 5573, 6143
What are the prime factors of 332047613?
332047613
List the prime factors of 143475215.
5, 13, 2207311
List the prime factors of 2880535229.
11, 13, 29, 59, 61, 193
What are the prime factors of 2984865602?
2, 1492432801
What are the prime factors of 2133911?
13, 164147
List the prime factors of 133157959.
11, 269, 4091
What are the prime factors of 129781239?
3, 7, 6180059
What are the prime factors of 1016294016?
2, 3, 2646599
List the prime factors of 14033127.
3, 4677709
List the prime factors of 537054026.
2, 268527013
What are the prime factors of 1294650382?
2, 647325191
List the prime factors of 12033038.
2, 6016519
List the prime factors of 87474542.
2, 683, 64037
List the prime factors of 546032.
2, 34127
List the prime factors of 70074083.
239, 449, 653
What are the prime factors of 100004993?
11, 109, 83407
List the prime factors of 207461249.
7243, 28643
What are the prime factors of 782753731?
1723, 454297
List the prime factors of 526585543.
11, 103, 464771
List the prime factors of 45924326.
2, 7, 37, 88657
What are the prime factors of 1440494708?
2, 349, 619, 1667
List the prime factors of 435724749.
3, 48413861
What are the prime factors of 6013190279?
6013190279
What are the prime factors of 589259242?
2, 11, 13, 2060347
List the prime factors of 13849288.
2, 17, 101833
List the prime factors of 1284983.
7, 183569
List the prime factors of 353904923.
2659, 133097
List the prime factors of 322252355.
5, 64450471
List the prime factors of 635664643.
59, 2437, 4421
List the prime factors of 19780117.
7, 29, 139, 701
List the prime factors of 1351514.
2, 379, 1783
What are the prime factors of 44730153?
3, 13, 443, 863
List the prime factors of 126439651.
13, 43, 226189
List the prime factors of 1143774414.
2, 3, 37, 1717379
List the prime factors of 573151454.
2, 19, 15082933
List the prime factors of 4023787879.
31, 129799609
What are the prime factors of 593833924?
2, 701, 211781
List the prime factors of 254694904.
2, 5323, 5981
List the prime factors of 135755035.
5, 13, 37, 47, 1201
List the prime factors of 998911465.
5, 593, 336901
List the prime factors of 5353122076.
2, 1753, 763423
List the prime factors of 6008677806.
2, 3, 211, 4746191
List the prime factors of 5554499673.
3, 43, 211, 204067
What are the prime factors of 33544959?
3, 7, 228197
What are the prime factors of 4725077665?
5, 7, 11, 17, 419, 1723
List the prime factors of 319108540.
2, 5, 223, 71549
List the prime factors of 153042469.
153042469
What are the prime factors of 116010972?
2, 3, 7, 11, 41851
List the prime factors of 19580620.
2, 5, 979031
What are the prime factors of 677594656?
2, 191, 110863
What are the prime factors of 132117625?
5, 17, 79, 787
List the prime factors of 2401893074.
2, 7, 157, 156109
List the prime factors of 1541271142.
2, 2887, 266933
What are the prime factors of 736275747?
3, 23, 1553, 6871
List the prime factors of 90351334.
2, 71, 636277
List the prime factors of 91727138.
2, 17, 89, 30313
List the prime factors of 413068786.
2, 13, 1222097
What are the prime factors of 92543146?
2, 521, 88813
What are the prime factors of 2554819268?
2, 19, 33616043
What are the prime factors of 560704923?
3, 83, 83401
What are the prime factors of 5195139299?
7, 43, 2465657
What are the prime factors of 3694675484?
2, 17, 54333463
List the prime factors of 383125874.
2, 191562937
What are the prime factors of 257305726?
2, 59, 2180557
What are the prime factors of 43872707?
23, 1187, 1607
What are the prime factors of 70031305?
5, 43, 307, 1061
What are the prime factors of 1884346442?
2, 11, 85652111
What are the prime factors of 1172495?
5, 234499
List the prime factors of 7964790337.
7, 1137827191
What are the prime factors of 31797272?
2, 13, 305743
List the prime factors of 1525098916.
2, 11, 19, 1824281
List the prime factors of 2836478951.
17, 29, 31, 5987
What are the prime factors of 550140390?
2, 3, 5, 179, 11383
List the prime factors of 145775884.
2, 17, 2143763
List the prime factors of 3461930747.
11, 47, 83, 80677
What are the prime factors of 5537265?
3, 5, 19, 19429
What are the prime factors of 32589332?
2, 19, 428807
What are the prime factors of 1603588680?
2, 3, 5, 43, 103591
What are the prime factors of 289070840?
2, 5, 29, 249199
List the prime factors of 258172967.
13, 59, 463, 727
What are the prime factors of 793742735?
5, 457, 563, 617
What are the prime factors of 36804044?
2, 43, 213977
List the prime factors of 223376862.
2, 3, 167, 222931
What are the prime factors of 130866107?
79, 1656533
List the prime factors of 9611773.
9611773
List the prime factors of 984563567.
13, 47, 1611397
List the prime factors of 1539636199.
43, 47, 457, 1667
List the prime factors of 143001823.
347, 412109
What are the prime factors of 260382747?
3, 23, 101, 37363
What are the prime factors of 7215999785?
5, 1443199957
What are the prime factors of 3035004115?
5, 11, 13, 151, 28111
What are the prime factors of 394410088?
2, 47, 1048963
List the prime factors of 59833074.
2, 3, 7, 23, 2693
What are the prime factors of 114272316?
2, 3, 1058077
List the prime factors of 174898150.
2, 5, 7, 71387
List the prime factors of 5215191338.
2, 7, 823, 452629
What are the prime factors of 1191196999?
47, 1451, 17467
What are the prime factors of 241534437?
3, 80511479
List the prime factors of 596620501.
19, 31401079
What are the prime factors of 82509718?
2, 41254859
What are the prime factors of 121182602?
2, 3109, 19489
What are the prime factors of 146976103?
41, 79, 45377
List the prime factors of 1963676831.
83, 821, 28817
List the prime factors of 44289048.
2, 3, 307, 6011
What are the prime factors of 255622754?
2, 47, 2719391
List the prime factors of 1716052.
2, 13, 61, 541
List the prime factors of 1887189322.
2, 943594661
List